Let d(j) = 183*j**2. Let n = -11 - -10. Let t be d(n). Let s = t + -92. What is the units digit of s?
1
Suppose 14 = -5*u + 2*k, 21*u - 20*u + 3*k = 4. What is the hundreds digit of (u + (-39)/(-15))/((-19)/(-26695))?
8
Suppose -20 = 4*k + 3*g, 2*g - 4*g = k + 10. Let l be (k/6)/((-2)/18). Suppose 85 = 2*i + l*i. What is the tens digit of i?
1
Let r = 110 - 108. Suppose -r*s - 20 = 2*j - 134, -2*s + 4*j + 90 = 0. What is the tens digit of s?
5
Suppose 4*l + 233 = -p, -5*l - 5*p - 410 = -130. Let z = l + 49. What is the tens digit of (-42 - -1)/(z/30)?
2
What is the tens digit of ((-3153172)/(-66) - 6) + (-2)/(-3)*1?
7
Let o = -21160 + 21946. What is the tens digit of o?
8
Let n(l) = l**3 - l**2 + 2*l + 4. Let x be n(0). Suppose -q - 2370 = -x*g, 355 + 234 = g - 2*q. What is the hundreds digit of g?
5
Let s(o) = 1239*o - 155. What is the units digit of s(3)?
2
Suppose 22*d - 390115 - 67177 = 0. What is the tens digit of d?
8
Let o = 55 - 50. Let s be 10/(-25) - (-17)/o. Suppose 3*c + 17 = -4*g + 304, -s*c = -5*g + 325. What is the tens digit of g?
6
Suppose q + 6 = 18. What is the units digit of ((-16)/q)/((-22)/9405)?
0
Let h(o) = 5*o**3 - 12*o**2 - 2*o + 2. Suppose 5 = 4*j + 5*b, -j - 6*b = -b + 10. What is the hundreds digit of h(j)?
3
Let v(r) = r**2 - 189*r + 3. What is the thousands digit of v(-26)?
5
Let o(u) = 5*u - 26. Let t be o(7). Suppose 496 + 1277 = t*c. Suppose -98 = -d + p, 3*p - c = -2*d + 4*p. What is the units digit of d?
9
Let c = -15829 + 21744. What is the thousands digit of c?
5
Suppose 3*w + 9*d - 8*d = 343, 5*d + 223 = 2*w. Suppose -1340 = -5*r + 2*o, -5*o = r - 355 + w. What is the tens digit of r?
6
Let h be (0 - 5 - -4)*-2 + -1548. Let b = -337 - h. What is the units digit of b?
9
Suppose -5*v = -2*r - 21838, 2*v - r - 8741 = -6*r. Suppose 75*d + v = 82*d. What is the units digit of d?
4
Suppose 4*q + 4*l = 28521 + 18991, 47513 = 4*q + 3*l. What is the tens digit of q?
7
Suppose 236*c - 231*c = 3*o + 433675, o - 433695 = -5*c. What is the units digit of c?
8
Let i(p) be the third derivative of p**5/30 - 7*p**4/8 + 7*p**3/2 + 4*p**2 - 12. What is the tens digit of i(-12)?
6
Suppose -288*f + 293*f = 234080. What is the units digit of f?
6
Let a(o) = -6229*o**3 - 35*o**2 - 61*o + 9. What is the units digit of a(-2)?
3
Suppose -5*l = -3*f - 91263, 0 = -7*l + 3*f + 22090 + 105683. What is the units digit of l?
5
Let h be 1 + 0 - (0 - -3)*-18. Let r = h - 60. Let b(o) = 5*o**2 + 5*o + 1. What is the hundreds digit of b(r)?
1
Suppose -2*r = 2*y - 11294, -r + 20*y - 25*y = -5627. What is the units digit of r?
2
Suppose 4 = 3*x + x, 4*f - 4*x = -1972. Let c = f + 951. What is the tens digit of c?
5
What is the hundreds digit of 5606193/696 + (-2)/(-16)?
0
Let k be (16/(-10))/((-20)/50). Suppose -k*j = j + 5*a - 2570, -j + 526 = -5*a. What is the tens digit of j?
1
Suppose -5*g - 70064 = -122*t + 118*t, -4*g - 70064 = -4*t. What is the units digit of t?
6
What is the ten thousands digit of 10915/1 + -1*3*26/(-39)?
1
Let d(u) = 4*u**3 + 7*u**2 - 5*u - 5. Let w(k) = -17*k - 30. Let n be w(-2). What is the tens digit of d(n)?
4
Suppose 4*t + 1950 = 2*a - 23976, 0 = -a + 4*t + 12963. What is the ten thousands digit of a?
1
Let k(b) = -505*b**2 + 2*b + 3. Let x be k(-3). Let f(i) = -7*i**3 + i**2 + 4*i - 4. Let c be f(2). What is the units digit of x/c + 1/4?
5
Suppose -3*w = -5*j - 191523, -63839 = -28*w + 27*w + j. What is the tens digit of w?
3
Let o = 543 + -541. Suppose 24*h - 20 = 29*h, -o*i + 3*h + 1974 = 0. What is the tens digit of i?
8
Suppose -95*t = -8*t + 3*t - 2752650. What is the ten thousands digit of t?
3
Suppose 14*p + 28*p - 11*p - 245551 = 0. What is the units digit of p?
1
Let c = 346 + -321. Suppose -2*h + 30*k = c*k - 3300, k = -5*h + 8250. What is the hundreds digit of h?
6
Suppose -3*f = 5*m - 31373 - 37873, m = 2*f - 46138. What is the ten thousands digit of f?
2
Suppose t + 20501 = 3*s, 1467*s - 1472*s + 34157 = 4*t. What is the units digit of s?
3
Suppose 33*c = 35*c - 12. Let x(g) = -g**2 + 10*g - 8. Let r be x(c). Let b(p) = p**3 - 15*p**2 - 11*p - 25. What is the tens digit of b(r)?
5
Let i = 8585 - -36502. What is the hundreds digit of i?
0
Let k = 202 - 208. What is the units digit of 10/45*k*-429?
2
Let m(n) be the second derivative of -n**3/3 - 21*n**2/2 - 14*n. Let j be m(-8). What is the units digit of (-8)/(-40) - 4/j?
1
Let a(b) = -b**2 - b - 7. Let m be a(7). Let d = -52 - m. Suppose d*y = 15*y - 320. What is the tens digit of y?
8
Let a = 151 + -144. What is the hundreds digit of 3/(12/20) + a + 566?
5
Let r = 11706 + -6619. What is the tens digit of r?
8
Suppose 2197 + 9024 = 16*k - 9323. What is the tens digit of k?
8
Let y be 216/6*5/(45/(-831)). Let m = y + 4832. What is the thousands digit of m?
1
Suppose 12*v - 2*v = -24*v + 99654. What is the units digit of v?
1
What is the ten thousands digit of 193917/(-148)*48/(-4)?
1
Suppose -2 - 8 = -5*c. Let r be (-4)/c*78/(-12). Suppose -r = -p + 157. What is the units digit of p?
0
Let s be (18 + -3)*(-2)/(-6). Suppose s = -5*r, r + 0 = 2*f - 13. Suppose 2*i - 2*g + 898 = f*i, -4*i + 913 = -3*g. What is the tens digit of i?
2
Let b = -391 + 965. Suppose 5*n = b + 16. Suppose -t - 47 = -n. What is the tens digit of t?
7
Let c(o) = -27104*o + 7. What is the tens digit of c(-1)?
1
Let o(d) = 87*d - 7. Let j(w) = 260*w - 22. Let g(f) = -3*j(f) + 10*o(f). Let l be (7 - 11) + 10/2. What is the units digit of g(l)?
6
Suppose 2*k + f - 10 - 3 = 0, 5*k = -4*f + 40. Suppose -650 = -b - b - k*n, -4*b + 1315 = 5*n. What is the units digit of b?
5
Suppose -5*o + 5307 = -5*l - 4618, 5*o + 5*l - 9875 = 0. What is the tens digit of o?
8
Let n(x) = -16*x + 25. Suppose 5*h - 3*g + 40 = 0, 0 = 2*h + 18*g - 23*g + 16. What is the tens digit of n(h)?
5
Suppose 2742*n = 2751*n - 103815. What is the thousands digit of n?
1
Let p = -148 - -119. Let f = p + 171. What is the units digit of f?
2
Let x be ((-7)/(-3))/(6/18). Let h(o) = -6*o**2 + 11 + 2*o + o**3 + o + 3*o. What is the units digit of h(x)?
2
Suppose -w + 4*w + q - 3608 = 0, -2*w + 2392 = 4*q. Let t = w + -845. What is the hundreds digit of t?
3
Suppose 3*a = 4*k + 93 + 1417, 0 = -5*k - 5. Suppose 498*x + 3624 = a*x. What is the tens digit of x?
0
Let j(a) = -a + 1. Let h(p) = 16*p - 8. Let d(m) = -h(m) - 6*j(m). Let t be d(-10). What is the units digit of ((-20)/(-12))/(2/t)?
5
Let g = 20 + -18. Let r be g + (-3)/(3/12 + 0). What is the tens digit of (12/r)/(1/(-30))?
3
Suppose 2*m = 2, 3*w = -37*m + 34*m + 318. Suppose 2*h - 3327 + w = -2*l, 5*l - 8071 = -h. What is the thousands digit of l?
1
Let p be (-7)/1 + (-15)/(-3). Suppose y = -2*y + 3. What is the tens digit of (y + -4)*10/p?
1
Let x be (-10295)/(-20)*6*(-20)/(-15). Suppose -4*i - d = -1231 - x, i - 1333 = 4*d. What is the units digit of i?
7
Suppose 0 = p + 5*o - 3213, 2*p - 31*o = -26*o + 6486. What is the units digit of p?
3
Let u = 74712 - 42917. What is the tens digit of u?
9
Let u(w) = 3770*w**2 - 28*w - 6. What is the tens digit of u(2)?
1
Suppose g - t - 13 = -4*t, -5*g = -3*t + 25. Let b be -2 + 47 - (0 + -8)/g. Let m = b + 6. What is the units digit of m?
7
Let v = 91919 - 15847. What is the thousands digit of v?
6
Let q(a) = 2*a**2 - 2*a - 11*a - 3*a**3 + 27*a - 6. Let h be q(5). Let g = -2 - h. What is the hundreds digit of g?
2
Let q(v) = -2*v**3 + 5*v**2 + 2*v - 631. What is the thousands digit of q(-22)?
3
Let x(h) = -70*h + 29. Suppose y + 0*y + s + 14 = 0, 0 = -2*y + 3*s - 13. What is the hundreds digit of x(y)?
7
Suppose -3*v = -3*r - 135657, 24*v + 5*r + 90462 = 26*v. What is the hundreds digit of v?
2
Let s(c) = 2382*c - 2136. What is the thousands digit of s(20)?
5
Let g = -544 - -326. Let d = g - -433. What is the units digit of d?
5
Suppose 18*d + 1432 - 19018 = 0. What is the units digit of d?
7
Suppose -9 = 3*y - 12*y. Let r = -192 + 79. What is the units digit of r/(-2) + (y - -3)/8?
7
Suppose -z + 257 + 53 = 0. Suppose 0 = -c - 8 + 11. Suppose c*t + r - z = 0, -511 = -4*t - t + 4*r. What is the units digit of t?
3
Suppose 14*i = 9*i - 5*x + 15220, 5*i = -2*x + 15220. What is the thousands digit of i?
3
Let u be 4 + 4 + 1402 - 3. Suppose -18*d = -6879 + u. What is the units digit of d?
4
Let z(b) = 19*b**2 + 8*b - 3